
Is 19568363 composite?
False
Is 1952087 composite?
False
Is 23084527 composite?
False
Is 56299 composite?
False
Is 15450661 prime?
True
Is 92165603 prime?
True
Is 307011821 a composite number?
True
Is 348479623 composite?
True
Is 191413 composite?
False
Is 58872403 composite?
False
Is 350839 prime?
False
Is 49115813 a composite number?
False
Is 3122027 composite?
True
Is 3263627 composite?
False
Is 270457687 a composite number?
False
Is 1317286 composite?
True
Is 111794129 a composite number?
False
Is 1911019 composite?
True
Is 93047 composite?
False
Is 154271669 a composite number?
False
Is 119676317 a composite number?
False
Is 2336489 prime?
True
Is 8822067 prime?
False
Is 411227 a composite number?
True
Is 757821073 prime?
True
Is 238992217 prime?
True
Is 82126163 a composite number?
True
Is 14513 composite?
True
Is 3905059 composite?
False
Is 13682615 composite?
True
Is 102411707 a prime number?
True
Is 4346819 a composite number?
False
Is 13567706 prime?
False
Is 59767881 prime?
False
Is 19962251 composite?
False
Is 65294519 a composite number?
False
Is 10154653 a composite number?
False
Is 28023337 a composite number?
False
Is 36684503 prime?
False
Is 147998 a composite number?
True
Is 2269601 a prime number?
True
Is 10389983 composite?
False
Is 5186603 a composite number?
False
Is 256129 composite?
False
Is 13582399 a prime number?
True
Is 55549213 a prime number?
False
Is 27008749 prime?
True
Is 83935777 prime?
False
Is 44752627 a composite number?
False
Is 2270893 a composite number?
False
Is 38707609 a composite number?
False
Is 33269939 prime?
False
Is 5744591 composite?
True
Is 20168191 prime?
True
Is 20742151 a composite number?
False
Is 18219583 prime?
True
Is 24448759 a prime number?
True
Is 130725493 prime?
False
Is 2247017 a composite number?
True
Is 85301837 a prime number?
True
Is 17285327 composite?
True
Is 6896957 prime?
False
Is 3468343 a prime number?
False
Is 68467493 a composite number?
True
Is 6384557 composite?
True
Is 1608401 composite?
False
Is 2115277 prime?
True
Is 12231409 a prime number?
False
Is 780209497 composite?
False
Is 9208043 a prime number?
False
Is 14424701 prime?
False
Is 100390229 composite?
True
Is 2262538 a composite number?
True
Is 3307679 composite?
False
Is 121714663 a composite number?
True
Is 3117649 composite?
True
Is 1881851 a composite number?
False
Is 1214989 prime?
False
Is 109858669 a composite number?
False
Is 343770101 composite?
False
Is 830658839 prime?
True
Is 2494693 composite?
False
Is 224039587 composite?
True
Is 1266754 a prime number?
False
Is 2713006 a prime number?
False
Is 818563 composite?
True
Is 38196245 a prime number?
False
Is 613386509 composite?
False
Is 92685959 prime?
True
Is 84575017 prime?
False
Is 25705931 prime?
True
Is 5083741 prime?
False
Is 1227619 a composite number?
False
Is 6712015 composite?
True
Is 3220499 composite?
False
Is 67259891 a composite number?
False
Is 179055946 composite?
True
Is 741684761 prime?
True
Is 14342919 a composite number?
True
Is 39898231 a composite number?
True
Is 6977891 a prime number?
True
Is 8936417 a prime number?
False
Is 14753539 composite?
True
Is 1998807 composite?
True
Is 2412937 prime?
False
Is 573259 composite?
True
Is 1241203 prime?
True
Is 438172301 prime?
False
Is 14673355 a prime number?
False
Is 3789739 prime?
True
Is 60273557 a prime number?
True
Is 2510159 prime?
True
Is 188171 a composite number?
False
Is 16037797 a composite number?
False
Is 595383 a prime number?
False
Is 872317 composite?
False
Is 4690531 prime?
True
Is 11228131 composite?
True
Is 23780465 a composite number?
True
Is 7076515 a composite number?
True
Is 1950574 composite?
True
Is 17113279 a composite number?
True
Is 768923 prime?
True
Is 9972617 composite?
False
Is 6153709 composite?
False
Is 21742193 a prime number?
False
Is 81161393 prime?
False
Is 152618207 a composite number?
True
Is 5423851 prime?
False
Is 2999 a prime number?
True
Is 175674617 prime?
False
Is 7502791 a prime number?
True
Is 108726893 composite?
True
Is 3305573 prime?
True
Is 3995899 prime?
False
Is 1308565 a prime number?
False
Is 3485213 prime?
False
Is 1512263 composite?
True
Is 101136583 prime?
False
Is 181648751 a composite number?
False
Is 6099109 prime?
True
Is 92461351 a prime number?
False
Is 3279791 a composite number?
True
Is 8873159 a prime number?
False
Is 547087 a composite number?
False
Is 15825497 a prime number?
True
Is 2443099 prime?
False
Is 209458714 a composite number?
True
Is 340654487 a prime number?
True
Is 106529 a composite number?
True
Is 184921 a prime number?
False
Is 632386 prime?
False
Is 468125803 composite?
True
Is 45706777 a composite number?
False
Is 1210369 composite?
False
Is 23611001 a composite number?
True
Is 10384901 composite?
True
Is 40305193 prime?
True
Is 5531389 prime?
False
Is 62726227 prime?
False
Is 25749209 a composite number?
False
Is 296654681 a prime number?
True
Is 20261491 a composite number?
True
Is 36999991 a prime number?
False
Is 320543 composite?
True
Is 1847695 a composite number?
True
Is 30079019 a prime number?
True
Is 1927097 a composite number?
False
Is 4474763 prime?
True
Is 1078841 prime?
True
Is 86246893 a composite number?
False
Is 157951571 a composite number?
False
Is 9852413 composite?
False
Is 1364533 a composite number?
False
Is 22201783 prime?
True
Is 12187943 prime?
True
Is 2634083 composite?
False
Is 916441 prime?
True
Is 3449291 a composite number?
False
Is 780583 a prime number?
True
Is 42281741 a prime number?
True
Is 337246139 a composite number?
True
Is 51938639 a composite number?
True
Is 3171913 a composite number?
False
Is 3027689 composite?
True
Is 130946891 a prime number?
True
Is 676765871 prime?
True
Is 336035657 a composite number?
True
Is 364015937 a prime number?
True
Is 1312459 a prime number?
True
Is 5410919 prime?
True
Is 11590081 composite?
False
Is 26977 a prime number?
False
Is 1148184749 prime?
True
Is 5477627 prime?
True
Is 14168283 a composite number?
True
Is 2093101 composite?
False
Is 255989633 prime?
True
Is 38074063 a composite number?
False
Is 18577567 a composite number?
False
Is 3657419 prime?
True
Is 30284102 composite?
True
Is 1117757 composite?
False
Is 2211109 composite?
False
Is 807233363 a composite number?
False
Is 92165831 a composite number?
False
Is 95950429 prime?
True
Is 54170939 composite?
True
Is 22733 prime?
False
Is 699129817 prime?
True
Is 2643127 a composite number?
True
Is 302184983 prime?
True
Is 2085539 prime?
True
Is 28544743 composite?
False
Is 1315621 composite?
False
Is 113648879 a prime number?
True
Is 26212567 prime?
True
Is 4959538 a composite number?
True
Is 10105309 a composite number?
False
Is 108432859 a prime number?
False
Is 1486519 a composite number?
True
Is 17981629 a prime number?
True
Is 10987501 prime?
False
Is 66485387 a composite number?
True
Is 1310779 composite?
False
Is 449019733 a composite number?
False
Is 129091321 a composite number?
True
Is 669211 prime?
False
Is 3737117 composite?
False
Is 6678869 a composite number?
True
Is 28246535 composite?
True
Is 3802391 a composite number?
False
Is 10461127 a composite number?
False
Is 74474531 prime?
True
Is 3755779 a composite number?
False
Is 3220597 prime?
True
Is 11551271 a composite number?
True
Is 44251409 a composite number?
False
Is 58335929 prime?
True
Is 202583 prime?
False
Is 377831 prime?
True
Is 12026911 a composite number?
True
Is 31607497 a prime number?
False
Is 1637905 composite?
True
Is 9963607 prime?
False
Is 25342585 a composite number?
True
Is 8071663 prime?
True
Is 4091453 composite?
True
Is 36318089 composite?
False
Is 289645441 a composite number?
False
Is 4462427 a composite number?
True
Is 43259869 composite?
False
Is 50396023 composite?
True
Is 1529193 prime?
False
Is 6243605 a composite number?
True
Is 18828899 a prime number?
False
Is 10415861 prime?
True
Is 100160849 a composite number?
False
Is 60414503 a composite number?
True
Is 2138623 a prime number?
True
Is 45839393 a prime number?
True
Is 11861987 a prime number?
True
Is 998617 a composite number?
False
Is 5926201 a prime number?
False
Is 44091293 a prime number?
False
Is 54375731 prime?
True
Is 4628027 prime?
False
Is 25850503 a composite number?
True
Is 26934329 a composite nu